6 (base 15) to base 7.
1626555
Convert -24103331 (base 5) to base 2.
-110110010010000101
Convert -100111111100001101101111 (base 2) to base 16.
-9fc36f
What is -235032a (base 11) in base 5?
-2022144000
1832607 (base 9) to base 4
3322112323
What is 154144211 (base 6) in base 5?
1314423243
Convert 111010101101101 (base 2) to base 5.
1430221
What is 11212317 (base 8) in base 2?
1001010001010011001111
102212141 (base 6) to base 10
1790269
Convert 2000022021112 (base 3) to base 12.
436705
What is -4284417 (base 12) in base 8?
-60076523
What is 19ba08b (base 13) in base 14?
11b554a
What is -2163001 (base 7) in base 10?
-267541
What is 130311033132 (base 4) in base 12?
2645aa6
Convert -22885b (base 12) to base 16.
-874c7
Convert 1101100100111001101 (base 2) to base 8.
1544715
What is 2aa94 (base 15) in base 2?
100001100010101101
Convert 163187 (base 9) to base 8.
304632
Convert 35443042 (base 7) to base 3.
12220100211111
Convert 11010100011000001111001 (base 2) to base 11.
3a23629
Convert 606 (base 16) to base 6.
11050
Convert -a37d1d (base 14) to base 15.
-73e24b
Convert -41745 (base 12) to base 13.
-3003b
What is -100000101011100001 (base 2) in base 13?
-48c09
-66916 (base 15) to base 13
-b5536
Convert 65054 (base 11) to base 6.
2005440
What is -2a88c (base 15) in base 13?
-4a433
Convert 100011111011001011001 (base 2) to base 4.
10133121121
-1000000011011001001 (base 2) to base 11
-170292
What is -1464301 (base 8) in base 3?
-210100011210
What is -37199c (base 16) in base 12?
-1261878
What is -ab046 (base 14) in base 10?
-414406
1000100100110101000010 (base 2) to base 6
120103230
-6646006 (base 7) to base 4
-3013303210
Convert -10202210121 (base 3) to base 14.
-1d08c
Convert 8779 (base 12) to base 9.
22423
What is -10a7c08 (base 13) in base 6?
-301541122
-231415033 (base 6) to base 5
-2043413242
Convert c05 (base 14) to base 10.
2357
What is 1321330 (base 6) in base 4?
101303112
Convert 134243340 (base 5) to base 14.
141c9a
11100100010011101011 (base 2) to base 12
39120b
Convert 20110210000 (base 3) to base 9.
213700
Convert -23b2c (base 15) to base 9.
-183206
What is -2330431 (base 6) in base 16?
-1d773
Convert 45564 (base 13) to base 12.
61010
Convert 11100110110001011 (base 2) to base 11.
80854
Convert -56063 (base 16) to base 14.
-925a3
-2330140 (base 6) to base 2
-11101011100001100
c2a14 (base 16) to base 15
10b31e
-20032032132 (base 4) to base 14
-40170a
-26762418 (base 9) to base 2
-110010011000111000000100
What is 13003120212 (base 4) in base 8?
7033046
5463576 (base 8) to base 5
333441121
-1d35cd (base 15) to base 3
-2200121010211
What is 1205662 (base 7) in base 14?
3dc32
Convert 8cdec (base 15) to base 6.
13341023
-36016065 (base 7) to base 6
-152102553
-2039766 (base 11) to base 14
-699d0b
Convert e24e6 (base 15) to base 4.
2232331020
12048 (base 12) to base 13
b063
10001111101000101011001 (base 2) to base 14
8a7373
3436b6 (base 14) to base 4
12301301000
Convert -109007 (base 10) to base 2.
-11010100111001111
3225251 (base 7) to base 16
5fffc
2115441 (base 6) to base 5
11304013
477263 (base 10) to base 15
96628
What is -20da (base 15) in base 11?
-5253
What is -10101001002122 (base 3) in base 5?
-424320303
What is 151d37 (base 15) in base 6?
33500524
Convert 2703c1 (base 14) to base 10.
1345317
Convert -400725b (base 12) to base 13.
-26281b5
What is -66603301 (base 7) in base 16?
-57b9b3
-675126 (base 8) to base 13
-7c98a
9972 (base 16) to base 12
1a896
Convert -30ac2 (base 13) to base 2.
-10101010111101011
What is 899206 (base 13) in base 2?
1100011000110110010110
461610 (base 7) to base 10
82278
-23525052 (base 6) to base 9
-1351365
-20223012133 (base 4) to base 13
-617ba8
538730 (base 12) to base 3
2111010101200
Convert -5a5006 (base 12) to base 2.
-101100100011111000110
What is -1e40 (base 16) in base 11?
-5900
2312468 (base 9) to base 15
199d8e
Convert 1130000302 (base 4) to base 13.
10270c
Convert -10032332020 (base 4) to base 5.
-241004041
161515 (base 7) to base 5
2004223
What is 10011101101100 (base 2) in base 3?
111211210
-28296 (base 10) to base 6
-335000
Convert -3555091 (base 10) to base 12.
-1235417
102223330 (base 4) to base 11
52562
-466450 (base 8) to base 10
-159016
Convert -20a8e (base 15) to base 4.
-121103102
What is 144434521 (base 6) in base 16?
2e1cd1
What is 4322032433 (base 5) in base 7?
140656462
-1550383 (base 9) to base 4
-3101322201
What is -126564 (base 7) in base 10?
-23958
11101101100010100 (base 2) to base 4
131230110
What is -420674 (base 9) in base 8?
-750017
What is -450315 (base 6) in base 15?
-b288
What is -1331455 (base 6) in base 15?
-17012
31371 (base 14) to base 7
1003001
Convert 2405730 (base 9) to base 8.
4761425
Convert -178654 (base 9) to base 15.
-22ecd
What is -111112022012002 (base 3) in base 7?
-115054604
Convert 5144441 (base 6) to base 8.
742751
-11101110101110011011 (base 2) to base 11
-608717
312013515 (base 6) to base 14
a0d18b
Convert -130301220 (base 4) to base 5.
-12232424
Convert 384811 (base 9) to base 5.
24430314
761c6 (base 13) to base 16
341c0
Convert -111110011000101010001 (base 2) to base 15.
-2a5a7b
223000333 (base 4) to base 13
62272
Convert -1142464 (base 7) to base 15.
-2ce5d
Convert 22011202101 (base 3) to base 10.
160930
What is 35406612 (base 7) in base 3?
12212221110000
Convert 2a21d (base 15) to base 16.
21136
Convert -1212203003 (base 4) to base 14.
-ad107
What is -350211 (base 11) in base 3?
-1001021112021
What is 10221032112 (base 4) in base 3?
2021212000000
839620 (base 11) to base 8
5103042
Convert -219459 (base 11) to base 7.
-2653165
-7dd410 (base 14) to base 10
-4300646
30224b (base 14) to base 2
110001011010111011011
What is 12020221010 (base 3) in base 11?
70811
1076014 (base 10) to base 5
233413024
What is -156646 (base 7) in base 8?
-74736
Convert -101302214 (base 5) to base 8.
-1454276
Convert 16463 (base 7) to base 14.
19da
What is -1015712 (base 9) in base 12?
-221955
What is -1598b9 (base 14) in base 16?
-b8a6b
-1aa8a5 (base 15) to base 14
-25c362
What is -9a145 (base 11) in base 13?
-51160
Convert 7b46b (base 12) to base 14.
440cb
Convert b78c (base 16) to base 8.
133614
What is 10000212012 (base 4) in base 10?
1051014
1100000110111111001001 (base 2) to base 4
30012333021
What is -463a7c (base 15) in base 9?
-6271420
What is 10111100011111010001 (base 2) in base 10?
772049
Convert 23453534 (base 6) to base 12.
2b72aa
80560d (base 15) to base 16
5cf9b6
18925 (base 11) to base 3
1100012222
What is 1153454 (base 7) in base 2?
100100000100001101
-10120122110 (base 3) to base 5
-4223310
Convert 101000011101110100011101 (base 2) to base 6.
1015210353
Convert -20574e (base 15) to base 10.
-1537274
What is 2311020131 (base 4) in base 7?
6210011
Convert -7893b (base 12) to base 14.
-425d5
What is -2401332443 (base 5) in base 4?
-110331302332
Convert -492b65 (base 12) to base 3.
-2020022100112
Convert -410363 (base 7) to base 9.
-115688
-11101111101110000001 (base 2) to base 4
-3233232001
Convert 1101001011011110010110 (base 2) to base 15.
4839ea
-34accd (base 15) to base 16
-266914
What is 737764 (base 14) in base 6?
215334420
Convert 101021532 (base 6) to base 5.
420314110
-10111000011110101010011 (base 2) to base 10
-6045011
What is 28691 (base 12) in base 14?
16713
What is -1314b (base 12) in base 10?
-26123
caa2b (base 13) to base 12
158079
What is -10001202200 (base 3) in base 12?
-2ab00
What is -10120000011012 (base 3) in base 2?
-111001101010110010001
Convert 206934 (base 10) to base 2.
110010100001010110
27179c7 (base 13) to base 8
56724065
115326555 (base 7) to base 6
415015243
Convert -1100101101010010011011 (base 2) to base 7.
-40213014
What is 28a7410 (base 12) in base 10?
8182668
Convert -133032230 (base 4) to base 15.
-27d7b
What is -624383 (base 9) in base 14?
-99110
-3322020003 (base 4) to base 15
-153860
2166137 (base 8) to base 11
36a406
Convert 454306a (base 11) to base 6.
442252404
What is -595b4 (base 14) in base 2?
-110101001100111010
-2004316 (base 8) to base 3
-222202021120
Convert 333608 (base 10) to base 14.
89812
-1566026 (base 7) to base 10
-218168
What is 24243161 (base 7) in base 9?
4054655
What is 21130121010 (base 4) in base 16?
25c644
1101001010010000111011 (base 2) to base 3
20111021101122
Convert 11c9054 (base 14) t